f j.
3
Let t(m) = 440*m**2 - 23*m + 45. What are the prime factors of t(2)?
1759
What are the prime factors of 2/11 + (1 - 50676/(-66))?
769
Suppose -4*c = 43 + 157. Let t = c + 73. What are the prime factors of t?
23
Let j be -1 - -1*(0 + 1). Let a(i) = 10 + 31 + 0*i**3 + 3*i**3 - 2*i**3. What are the prime factors of a(j)?
41
Let t be 3588/30 + 2/5. Suppose -p + 25 = -2*b - 6, -4*b - t = -4*p. List the prime factors of p.
29
Let g(t) = 0 - t + 10 + 1 - 2. Suppose 66 = -5*v - v. List the prime factors of g(v).
2, 5
Suppose 2*t - 151 = -3*z, -t - 3*z + 27 = -56. Suppose -4*a = -4*l - t, 3*l - 2*a + 44 = -6*a. Let k = -2 - l. What are the prime factors of k?
2, 7
Let u(w) = 10*w - 1. Suppose -5*c - y = -16, -1 + 2 = -c + 4*y. Suppose -4*b + c*b = -2. What are the prime factors of u(b)?
19
Let q(n) = n**3 + 41*n**2 + 71*n - 9. What are the prime factors of q(-38)?
5, 13
What are the prime factors of -6*2853/(-72) - (-3)/(-4)?
3, 79
Suppose 0 = 3*w + 1340 - 116. What are the prime factors of 3*-2*w/36?
2, 17
Suppose -a - 30 = 4*a. What are the prime factors of -3 - (1 - a)*-16?
109
Let v = 11 + -7. Suppose -v*p + 79 = o, -4*o + 177 + 139 = 2*p. What are the prime factors of o?
79
Let w(p) = 22*p + 220. What are the prime factors of w(36)?
2, 11, 23
Let t = 3 - 1. Let w(p) = 2*p - 2 + t*p + 1 + 4*p. List the prime factors of w(1).
7
Let j = -5620 + 8047. List the prime factors of j.
3, 809
Suppose -p - 4*y = -10, -5*p + 3*y + 3 = -1. Suppose p*s = -2*s. Suppose s = z - 80 + 22. What are the prime factors of z?
2, 29
Suppose 0 = -2*n + 5*l + 4 - 1, 5*n = -l + 21. Suppose 5*t - n*i - 934 = 0, t - 190 = 10*i - 6*i. What are the prime factors of t?
2, 3, 31
Suppose 3*q - 84 = 2*j, -3*j - 173 = 5*q - 9. Let g = 112 + j. What are the prime factors of g?
2
Let k(x) = x**3 - 8*x**2 + 6*x + 10. Let d be k(8). Suppose c = -3*q - c + 230, 0 = -q + 4*c + d. List the prime factors of q.
2, 37
Let o = 747 - 401. List the prime factors of o.
2, 173
Let q = -1135 + 1978. What are the prime factors of q?
3, 281
Suppose 2*n - 2*f - 34 = 0, -2*f = 2*n + 3 - 17. Let d(l) = 8*l - 47. What are the prime factors of d(n)?
7
Let v(m) = -m + 7. Let y be v(5). Suppose -12 + 133 = y*b - d, 5*b = 5*d + 310. List the prime factors of b.
59
Suppose -x = -3*p + 4, 0*x - p = x - 4. Suppose 4*r = -4*m + 296, 5*m = x*r + r - 222. List the prime factors of r.
2, 37
Let d = -4 - -12. Let l(k) = -4*k - 10. Let p be l(-6). Let a = p - d. List the prime factors of a.
2, 3
Let t = -338 + 402. List the prime factors of t.
2
Suppose 9*i = 6456 - 2019. What are the prime factors of i?
17, 29
Let x = 2040 - 1257. What are the prime factors of x?
3, 29
Suppose -2*r - 1 - 27 = 0. Let j(x) = -x - 20. Let l be j(r). What are the prime factors of l + 6 + -3 + 8?
5
Suppose -p - 2 = 3*d, 5*p - 10 = 4*p + 3*d. Suppose 2*y = p*y - 142. What are the prime factors of y?
71
Let g(t) = 209*t - 134. What are the prime factors of g(6)?
2, 5, 7
Suppose -2*l - 3*w + 422 = w, -220 = -l - 5*w. Suppose -5*z + c = -230, -2*c - 2*c = 5*z - l. List the prime factors of z.
3, 5
Let i(g) = g**3 - 2*g**2 + g + 1. Let s be i(2). Suppose -5*r = -r - 16, -4*k + s*r = -556. What are the prime factors of k?
2, 71
Suppose -63*i + 55*i + 4392 = 0. List the prime factors of i.
3, 61
Let n(t) = 38*t**3 - t**2 + 4*t - 4. Let p be n(2). Suppose -4*y = 5*u - 7*u - p, 2*y + 4*u - 132 = 0. List the prime factors of y.
2, 37
Let t = -67 - -64. Let c(s) = -s**2 - 6*s - 7. List the prime factors of c(t).
2
Let z be (-6)/(-8) - 7011/(-12). Let f = z + -303. List the prime factors of f.
2, 3, 47
Suppose 8*g = -40 - 152. List the prime factors of (-21)/(-56) + -1*903/g.
2, 19
Let d(g) = 173*g**2 + 5*g - 4. List the prime factors of d(-2).
2, 3, 113
Let c be (8/10)/((-2)/(-5)). Suppose -t - c - 6 = 0. Let w = 11 + t. List the prime factors of w.
3
Let b(c) = -2*c - 12. Let q be b(-6). Suppose 3*i + 12 = q, -i + 377 = 5*k - 4*i. What are the prime factors of k?
73
Suppose 8*v + 3*i - 443 = 3*v, -v = -i - 95. What are the prime factors of v?
7, 13
Suppose z + 5*d - 168 = 0, 0*z = -2*z + 3*d + 362. Suppose 4*v + 54 - z = 0. List the prime factors of v.
31
Suppose -6*q - 580 = -2908. Suppose 0 = 22*p - 18*p - q. List the prime factors of p.
97
Suppose 6 = -3*i, -549 = 5*n + i - 2072. List the prime factors of n.
5, 61
Let h = 3 + 1. Let a = -60 + 66. Suppose a = -u - 2*q - q, u - h*q = 22. List the prime factors of u.
2, 3
Let q = 31 + -24. Suppose -53 - q = -5*d. Suppose -m + d = m. List the prime factors of m.
2, 3
Suppose -2*r - 2*m - 109 = m, -3*r = 2*m + 156. Suppose -2*f + 27 = 83. Let g = f - r. List the prime factors of g.
2, 11
Let o = 1398 - 489. List the prime factors of o.
3, 101
Suppose 4*h = 10 + 14. Let l = h + -3. Suppose -4*j = -i + 6, 3*i - 20 = l*j + 7. What are the prime factors of i?
2, 5
Let c(w) = 21*w - 1. Let b = -18 + 19. What are the prime factors of c(b)?
2, 5
Suppose -3*u + 6 = -3*s, 4*s + 2*u - u = 17. Suppose 45 = -s*l + 4*l. What are the prime factors of l?
3, 5
Suppose 4*v = -230 + 1022. What are the prime factors of v?
2, 3, 11
Suppose -20*w + 888 + 34112 = 0. List the prime factors of w.
2, 5, 7
Suppose 3*w + 5 = 17. Suppose -s + 0 = 1, -w*s + 26 = a. Suppose -106 = -4*y - a. List the prime factors of y.
19
Suppose 0 = -2*c - 136 + 26. Let a = 105 + c. What are the prime factors of a?
2, 5
Let p(s) = -4*s**2 - 7*s + 5*s**3 - s - 4*s**3. Let d(i) = -i**3 - 12*i**2 - 10*i + 17. Let v be d(-11). List the prime factors of p(v).
2, 3
Let v(m) = 4*m**3 + 3*m**2 - m - 35. Let q(y) = y**3 + y**2. Let d(r) = 5*q(r) - v(r). List the prime factors of d(0).
5, 7
Let n = 5724 - 3906. List the prime factors of n.
2, 3, 101
Let x(i) = -3*i - 4. Let p be x(-2). Suppose 0 = -p*y - 3*y + 15. Let o(d) = 2*d**2 + 2*d - 3. What are the prime factors of o(y)?
3, 7
Let v(m) = 2*m**2 + 12*m + 159. What are the prime factors of v(19)?
1109
Suppose 2*g = -g - 27. Let u be (-2)/7 + g/(-7). What are the prime factors of (13 + u)*6/4?
3, 7
Suppose -144 = 7*y - 6*y. Let d be y/4 - (-2 + 2). Let c = d + 64. List the prime factors of c.
2, 7
What are the prime factors of 312/(-390)*4/((-8)/4105)?
2, 821
Let w = -26 + 27. What are the prime factors of 4 - (w + (-2)/2)?
2
Let a = 187 + -97. Suppose -192 - a = -3*n. What are the prime factors of n?
2, 47
Suppose -5706 = -4*n - 2*g + 446, 4*n = -3*g + 6150. What are the prime factors of n?
3, 19
Suppose -s + 112 = 3*s. What are the prime factors of (-15)/2*s/(-6)?
5, 7
List the prime factors of ((-44)/11)/(-16) + 1651/4.
7, 59
Let g(n) = -4*n**2 - n - 4. Let p be g(-2). Let r = p + 37. What are the prime factors of r?
19
Suppose -1 = -2*f + 3. Let h(g) = 67*g**2 + 8*g - 12. List the prime factors of h(f).
2, 17
Let u = -50 + -78. Let x be u/(-56) - (-2)/(-7). What are the prime factors of (-58 - x)*(-7)/21?
2, 5
Let x(j) = j + 49. Let p be x(-14). Suppose -3*z - p = -4*z. What are the prime factors of z?
5, 7
Let o be (-4)/(-18) - 560/(-72). What are the prime factors of (-2)/o + (-1323)/(-12)?
2, 5, 11
Suppose 5*n + 12 = 2*a, 0*a - 8 = -a + 3*n. List the prime factors of a/12 + (-232)/(-3).
7, 11
Let w(l) = l**3 + 7*l**2 - 6. Let t be w(-7). Let a be ((-60)/(-25))/(t/(-40)). Suppose -6*i + a = -2*i. What are the prime factors of i?
2
Let d = 24 - 22. Let b(k) = 5*k**3 - 2*k**2 + 3*k - 2. List the prime factors of b(d).
2, 3
Suppose -3*b = -0*b + 45. Let p be (1 - b) + -1 + -3. Let m = 21 - p. List the prime factors of m.
3
Let u be (-33)/(-22) + 6/(-4). Suppose -18*b + 20*b - 94 = u. What are the prime factors of b?
47
Let p = 34 - 21. Let g(q) = 19*q**2 + 2*q + 34*q**2 - 66*q**2 + 11 + q**3. List the prime factors of g(p).
37
Suppose -4*x + x + 12200 = 4*c, -4*x = 2*c - 6100. List the prime factors of c.
2, 5, 61
Let a be 1*66/4*-14*-1. Suppose -3*c - 36 + a = 0. What are the prime factors of c?
5, 13
Suppose -5*u + 3*u + 701 = -a, -u = 2*a - 358. Suppose -u = -18*i + 14*i. What are the prime factors of i?
2, 11
Let w = -295 - -289. Let v(c) = 5*c**3 + 6*c**2 + 2*c + 1. Let m(b) = -6*b**3 - 6*b**2 - b. Let i(q) = -4*m(q) - 5*v(q). List the prime factors of i(w).
31
Suppose -185 = -2*v + 5*x - 1, -2*v + 188 = -4*x. Suppose 2*w = -0*w + v. What are the prime factors of w?
3, 17
Suppose -